t b(w) = 45*w**3 - 8*w**2 + w - 1. Let v be b(8). Suppose -s + v = 4*s. Is s a prime number?
True
Let o(c) = 2*c**3 - 11*c**2 + 11*c + 11. Let x be 8 + 4 - (5 - 2). Is o(x) prime?
True
Let l(w) = -125*w**3 + w**2 - w + 1. Let v be l(1). Suppose -3*h + 9 = 612. Let r = v - h. Is r composite?
True
Suppose 3*k + 18 = -5*d + 117, 2*d = 5*k - 165. Let h be k/(-27) + (-2)/(-9). Is ((-4 - -162)/(-2))/h prime?
True
Let t = 45 + 14. Suppose 4*b - 50 = -2*z - 0*z, -2*z + t = b. Is z prime?
True
Suppose 11*w - 10858 = -38160. Let a = w - -3591. Is a a prime number?
True
Let v(s) = 381*s**2 + 46*s + 39. Is v(-14) composite?
False
Suppose -29*n + 902692 = -330069. Is n composite?
False
Suppose 4*p = 23 - 7. Suppose -2*z = i - 16, -p*z + 102 - 16 = 5*i. Is ((-6)/i)/(1/(-987)) a composite number?
True
Suppose -4*b + 5*s - 11 = -3*b, 2*b - 3*s = -1. Suppose 19 = 5*x + b. Suppose -5*q - x*f + 615 = 0, 3*q = -5*f + 89 + 280. Is q composite?
True
Let w = 15 - 15. Suppose w = 4*j - 2*j - 10, 2*j + 8970 = 4*v. Is v composite?
True
Let j be (-1)/3*(5 - 6)*15. Suppose 0 = -2*u + j*u - 2433. Is u a composite number?
False
Suppose 0 = -12*o + 3*o + 243. Suppose o*m = 28*m - 1031. Is m prime?
True
Suppose -6*g = -10*g + 100. Suppose 0 = 4*m - 4*f - 6528, 2*f + 3*f - g = 0. Is m a composite number?
False
Let p(a) = a**3 - 11*a**2 - 40*a - 43. Is p(21) composite?
False
Suppose -18*b = -14*b - 212. Is b a prime number?
True
Let d = -720 - -1140. Suppose 15*g + d = 20*g. Let c = g + 209. Is c prime?
True
Suppose -6*g = -0*g - 1272. Suppose 0 = 4*h - 8*h + g. Is h a composite number?
False
Suppose -5*w + 3497 = -1688. Is w prime?
False
Let b(z) = z + 2. Let x be b(-1). Let t be 1/((-1)/(7 - x)). Let n(i) = 5*i**2 - 7*i + 1. Is n(t) a prime number?
True
Let k = -31 + 18. Let a = -42 - k. Let h = a - -48. Is h a composite number?
False
Suppose -4*d + 2*v = -18, 4*d + 17 = v + 38. Let n(j) = 26*j - 1 - 3 + 3. Is n(d) prime?
False
Suppose 2*j - 2*i - 5828 = -1616, 0 = 4*j + i - 8449. Is j prime?
True
Let s = 104 + -102. Suppose 2510 = b + 4*u, -2*u - 5034 = -s*b - 3*u. Is b composite?
True
Is -4*(-7)/(-56)*1*-21790 prime?
False
Let v be (-1)/(-1) - (-1 + -1). Let t(w) = 3 + 4*w - w + 9*w**2 - 7 + 5. Is t(v) a prime number?
False
Suppose 13 = 3*u + 4*y, -2*u + 5*y + 10 = 3*u. Is 2098/u*12/8 composite?
False
Suppose -5*c - 20 = -6*c. Is 1772/(-10)*c/(-8) composite?
False
Let p = 9583 + -3648. Is p a composite number?
True
Let d be 3/12 - (-1325)/(-20). Let l = 0 + d. Let v = -13 - l. Is v composite?
False
Is -48491*(1/((-5)/25) + 4) a composite number?
False
Suppose -4*v + 5 = -3*u, 2 = 4*v - 4*u - 2. Suppose 0*h - h - 5*d = -376, v*d + 383 = h. Is h prime?
False
Suppose v + 5*o = -43 - 71, -o = 2*v + 219. Let d = 1415 - v. Let z = d + -895. Is z a composite number?
True
Let r(g) = 77*g**2 + 1 - g**2 + 2*g**2 + g. Let h be r(-1). Let b = 371 + h. Is b a composite number?
False
Let o = -3 + 3. Suppose m = -o*m. Is 575 - (1 + (m - -1)) a composite number?
True
Suppose -15 = 5*t, -n + 3*t = -355 - 69. Is n prime?
False
Suppose -51 = 3*n + 33. Let f be 452*((-9)/3)/(-6). Let j = f - n. Is j a composite number?
True
Suppose -3*k + 295 = 2*g - 42, 186 = g - 2*k. Let o = -133 + 99. Let r = o + g. Is r a composite number?
True
Let d = 8723 + -3684. Is d composite?
False
Let f(p) = -182*p - 103. Is f(-23) composite?
True
Suppose n = -4*n + 15. Suppose -y - 2*y = f - n, 4*f - 12 = -2*y. Suppose -4*c = -3*j + 895, 0 = 5*j - 2*c - y*c - 1501. Is j composite?
True
Suppose 9*v = 17*v - 223384. Is v prime?
False
Let k(o) = 1087*o + 37. Let d be k(4). Suppose 7*f - 12*f = -d. Is f a prime number?
True
Let v = -29448 + 42319. Is v a composite number?
True
Let f(l) = 7*l**3 - l**2 - l + 4. Let b be f(3). Suppose b = -3*t + 1603. Let k = t + -295. Is k a prime number?
True
Let c = -8 - 1. Let u = 0 + c. Is (206/(-8))/(u/36) a composite number?
False
Let q = -1 + 1. Is (2 + -4 - q) + 61 composite?
False
Let l(w) = 40*w**2 + 22*w - 359. Is l(14) composite?
False
Let k = 17 + -13. Suppose -4*o = -5*q - 4218, -o - 2*o - k*q + 3179 = 0. Is o a composite number?
True
Suppose -1 + 17 = 2*d. Suppose 4*f + 2932 = d*f. Is f composite?
False
Suppose 3*p = 4*v - 729, 3*p = 3*v - 229 - 314. Is (4/(-2))/(-2)*(v - 1) a prime number?
False
Let u(m) = 564*m + 59. Let b be u(19). Suppose 0 = -7*q + 5*q - 4*d + 4310, 0 = -5*q + d + b. Is q a prime number?
False
Suppose 4 = -3*l - g, -2*g + 6*g - 4 = -2*l. Let q be (-16)/((-1)/(-3)*l). Is q/(-132) - (-2455)/11 prime?
True
Let x(l) = -113*l - 7. Let t be x(-3). Suppose 0 = 3*v + 3 - 15. Suppose 0*a + t = v*r - 4*a, r - 3*a - 91 = 0. Is r prime?
True
Suppose 2*l + 516 = -356. Let t = l - -941. Is t composite?
True
Let n be 3 + 3 + 16/(-8). Suppose n*c + 185 = 1213. Is c a prime number?
True
Let y(k) = -8233*k + 10. Is y(-3) a composite number?
False
Suppose 11*d = 16*d - 20, 5*d = -2*l + 17704. Is l a prime number?
False
Let c(g) = -4*g + g + 20*g + 19 + 3*g**2 - 11*g. Is c(8) composite?
True
Suppose -9*v + 24157 = 5806. Is v a composite number?
False
Let t(q) = -1725*q + 259. Is t(-8) prime?
False
Let r(f) = 953*f - 2. Let x be r(-4). Let j be 17/68 + x/(-8). Suppose 5*s - 3332 = -j. Is s composite?
False
Let t be (-6)/(12/5 + -2). Let m be ((-904)/5)/(3/t). Suppose 3*j = 2*n + m + 985, 5*n = -3*j + 1903. Is j a prime number?
True
Let w(l) = -2*l**3 - 35*l**2 - 15*l - 31. Is w(-26) composite?
True
Suppose -3*h - 38 = -4*h. Suppose 34 = 2*t - 2*i - h, -t = -2*i - 39. Is t prime?
False
Suppose -4*q - 5*v = -72 + 26, -2*v = -4. Is 55 + (-12)/q*(-6)/(-4) a prime number?
True
Is (-14)/(-98) + 45520/7 a prime number?
False
Let h(i) = -5*i - 2. Let u be h(-1). Suppose -2*k - 14 = -5*y, y - 4 = -k + u. Suppose -69 = 2*t - k*t. Is t prime?
False
Let n(i) = 19*i**3 - 2. Suppose -7*m - 17 = -3. Let s be n(m). Let g = s + 273. Is g a composite number?
True
Let b(y) = y**2 - 2. Let s be b(2). Suppose 10 = 2*c + s. Is 0/c + 290 + 3 a composite number?
False
Let u be 4 - 4 - (-2 + 1). Let s(k) = 7*k - 2. Let z be s(u). Suppose -z*j + 376 + 889 = 0. Is j prime?
False
Suppose 283 - 7339 = -4*y - v, -2*v - 5292 = -3*y. Let c = 2999 - y. Suppose -3*f + 8*f = c. Is f a prime number?
False
Let y(m) = -3538*m + 89. Is y(-9) a composite number?
True
Let w(p) = 273*p + 173. Is w(12) prime?
True
Suppose 33 = -12*f + 3645. Is f a composite number?
True
Suppose 0 = -q - 5*z - 15, 0 = 3*q + 4*z + 7 + 5. Suppose 4*l + q*j - 1656 = -5*j, 4*l = -4*j + 1660. Is l prime?
True
Suppose 3*r = -0 + 12. Let j = 26 + 5. Suppose -j = -3*g - z, -r*z + 2*z - 59 = -5*g. Is g a composite number?
False
Let l = 29 + -22. Suppose 3323 = l*n - 1724. Is n prime?
False
Suppose -2*m + 104 = -160. Let f = 23 - m. Let q = 346 + f. Is q a prime number?
False
Let o(u) = -3117*u**3 - u**2 - 12*u - 13. Is o(-2) a prime number?
True
Let c = -301 + 1518. Is c prime?
True
Suppose -18 = -5*s - 4*m, -s = -5*s + 4*m. Suppose -3*z + 2718 = 5*v, -4*z + s*v + 4948 = 1298. Is z composite?
False
Let z = 12777 + -4168. Is z prime?
True
Suppose u + 2*p = 191, 0*p - 911 = -5*u + p. Let n(b) = 4*b**2 + 7*b + 2. Let c be n(-6). Let x = u - c. Is x a composite number?
False
Let q(y) = 3*y + 3*y**2 - y**3 - y**2 - 4*y**2 + 2. Let p be q(-3). Is 101*(-9)/(-6)*p a composite number?
True
Let y be -2 + 8*(-3)/18*-3. Let x(n) = 79*n**3 - n**2 + n + 1. Is x(y) a prime number?
True
Suppose -2*r + 3*z = 11, -z - 25 = -6*z. Let o be r/(-3) + 2/(-6). Is (1/3)/(o/(-201)) a composite number?
False
Suppose -l = -4*f - 17187, -5*f + f - 68688 = -4*l. Is l a prime number?
True
Let y(c) = -257*c - 9. Let n(h) = -h. Let u(i) = n(i) - y(i). Is u(16) a composite number?
True
Suppose -7 = 5*i - 27. Is ((-5262)/i)/(-3)*14 a prime number?
False
Let m = -2784 - -4649. Suppose 4*o - m = f, 4*o = -2*f + 1482 + 392. Is o a composite number?
False
Let b(k) = 2099*k**2. Let s be b(1). Suppose -h + 6*h + 3*y = 3493, -3*h + s = y. Is h composite?
False
Let u(r) = 5*r**2 - 13*r + 10. Let z be u(11). Suppose -f - 3*f + z = 0. Is -1 + f + (0 - 2) composite?
True
Suppose 0 = -11*c + 6*c - 2*o + 21, -3*o - 1 = c. Suppose -3*g - 2760 = -4*h - g, -c*h - 2*g = -3441. Is h a composite number?
True
Let z(d) = d - 2. Let u be z(0). Let y be 2 - (-7)/((-7)/u). Suppose 4*w + 361 